/(-1) - 0)?
4
Calculate the remainder when -1 + (35 - (-3 + 2)) is divided by 14 - 2 - (1 - 1).
11
Let a(p) = -6*p - 4. Let s be a(6). Let f = 56 + s. Suppose 4*y + 174 - 16 = 3*q, 174 = 4*q + 2*y. Calculate the remainder when q is divided by f.
14
Suppose 7 = 8*r - 7*r. What is the remainder when 85 is divided by 44*((-7)/(-2))/r?
19
Let u(g) = g**3 - 10*g**2 - 3*g + 15. What is the remainder when u(11) is divided by 21?
19
Let p(u) be the second derivative of u**5/10 + u**4/4 - 2*u**3/3 + u**2 + u. Calculate the remainder when p(2) is divided by (-56)/(-6) + 3 + 2/(-6).
10
Suppose -31*i + 48 = -29*i. Calculate the remainder when i is divided by 9.
6
Suppose -s + 34 = -b - 16, 4*b = -5*s + 214. Calculate the remainder when s is divided by 12.
10
Let q be (3 + -2 + 0)*6. Let r = -31 - -61. Suppose 8 = 2*y + 3*w, 0 = -2*y + q*y - w - r. What is the remainder when 19 is divided by y?
5
Suppose 8*t - 25 = 3*t. Let r(n) = n**3 + 3*n**2 - 3*n - 3. Let j be r(-3). Let q = j - 4. Calculate the remainder when t is divided by q.
1
Let z = 11 - 4. Let o(l) = -l**3 + 8*l**2 + 10*l + 3. Calculate the remainder when o(9) is divided by z.
5
What is the remainder when 35 is divided by ((48/(-10))/4 + 0)*-5?
5
Let v(i) = i**3 + i**2 + 18. What is the remainder when (8/(-3))/((-8)/156) is divided by v(0)?
16
Let s = -5 + 4. Let y be 32 - (s + 1 - -1). Let h = y + -7. Calculate the remainder when h is divided by 13.
11
Suppose q = -2*q - 3*w, 0 = -5*q + 3*w. Suppose q = m + m - 4. What is the remainder when 5 is divided by m?
1
Suppose -6*c = 2*c - 40. Suppose -4*i + 28 = -0*i. Suppose 3*m - 31 = -i. What is the remainder when m is divided by c?
3
Let l = -18 + 13. Let h(s) = -10*s - 4. Calculate the remainder when h(l) is divided by 16.
14
Suppose -z = 3*z - 216. Suppose -6 - z = -j. Suppose -4*m + j = -m. Calculate the remainder when 58 is divided by m.
18
Let f = 168 + -88. Suppose -5*c = -0*c - f. Suppose 0 = -4*i + c + 48. What is the remainder when 46 is divided by i?
14
Suppose 52 = 9*z - 47. Calculate the remainder when z is divided by 6.
5
Let g(a) = -8*a + 1. What is the remainder when g(-3) is divided by 13?
12
Suppose 20 = 5*r - 0. Suppose 3*z - 3*t - 46 = 71, r*z - 155 = 3*t. What is the remainder when z is divided by 13?
12
Let m = -56 + 59. What is the remainder when 11 is divided by m?
2
Suppose n = 4*n - 12, -2*d + 4*n - 12 = 0. Suppose 0 = -4*v - 8, 0 = -d*f + 3*f + v - 13. What is the remainder when f is divided by (-15)/10*2*-2?
3
Suppose -2*c + 8 = 2*c. Suppose 3*b - 106 = 4*o, 0*b + c*b - 2*o = 74. Calculate the remainder when b is divided by 11.
9
Suppose 5*b = 63 + 12. Calculate the remainder when 59 is divided by b.
14
Let s(a) be the first derivative of a**2/2 + 10*a + 7. Calculate the remainder when 4 is divided by s(-8).
0
Suppose -17 = -2*a - b - 2*b, -a + 25 = -4*b. Let t(r) = -r**3 + 8*r**2 + 11*r + 5. What is the remainder when t(9) is divided by a?
10
Suppose 2*x - 5 = -z, 6*z + x = 3*z + 10. Suppose -3*g = 2*j - 58, z*j = j + 5*g + 90. Suppose 63 - 15 = 4*r. Calculate the remainder when j is divided by r.
11
Let h be -1 + -2 + -2 + 5. Suppose h*q - q + 6 = 0. What is the remainder when 10 is divided by q?
4
Suppose 0 = 2*n - 5 + 3. Calculate the remainder when n is divided by ((-3)/(-6))/((-1)/(-2)).
0
Suppose -4*i + 21 = -n, -3*i + 4*n - 6 + 25 = 0. Let k(q) = -3*q - 11. Calculate the remainder when k(-8) is divided by i.
3
Suppose -4*c = -w - 763, 8*c - 3*c - 2*w - 950 = 0. Let m = c + -105. Let l = m - 56. Calculate the remainder when l is divided by 11.
9
Let z = -55 - -80. Calculate the remainder when 74 is divided by z.
24
Let z(v) = -3*v + 1. Suppose 2 - 10 = -4*n. Suppose -n*j = 2 - 0. What is the remainder when 7 is divided by z(j)?
3
Let s(z) = -z**3 + z**2 + z + 69. Calculate the remainder when s(0) is divided by 12.
9
Let u = -3 - -18. Suppose 0 = 4*p - 11 - 25. What is the remainder when u is divided by p?
6
Suppose -3*f - 1 = -10. Calculate the remainder when 23 is divided by 16/(3 - (-2 + f)).
7
Let l = 68 + -39. Let v = 36 + -26. Calculate the remainder when l is divided by v.
9
Suppose -161 = -4*k - 3*o, 6*k + 3*o = k + 199. Suppose -4*x + 5*x - k = 0. What is the remainder when x is divided by 20?
18
Suppose f - 3*m = -1, -2*f - 1 = -5*m + 2. Suppose 4*c - 4 = z - 2, -5*c - z = 2. Calculate the remainder when 9 is divided by c - -2 - (-7 - f).
4
Let k(n) = -2*n**2 + 7*n + 6. Let o = 1 - -5. Let a be k(o). Let w = a + 38. What is the remainder when w is divided by 8?
6
Let p = -17 - -68. Suppose 2*o + m = 24, 4*o - 44 = -0*o - 4*m. Calculate the remainder when p is divided by o.
12
Suppose 3*w + 2*w = 30. Suppose -3 + 0 = -3*n. Calculate the remainder when (0 - -1)*11/n is divided by w.
5
Let l(w) = -w + 40. Calculate the remainder when 61 is divided by l(7).
28
Let r = -38 - -42. Calculate the remainder when 7 is divided by r.
3
Let g = 4 + 11. What is the remainder when 26 is divided by g?
11
Let c = 4 + -7. Let b(z) = z**2 + 5*z + 6. Calculate the remainder when (-64)/(-6) + c/(-9) is divided by b(-5).
5
Suppose o = 4*l - 391, 4*l + 2*o = 6*o + 376. Calculate the remainder when l is divided by 26.
21
Let s(m) = -m**3 + 5*m**2 + 2*m + 1. Let j be 3 + (0 - 2)*1. Calculate the remainder when s(5) is divided by (j - 2)*-1*4.
3
Suppose 0 = d + 19 - 39. Calculate the remainder when 39 is divided by d.
19
Let x(i) = i**2 + i + 18. Let y(f) = -2*f - 4. Let z be y(-2). Calculate the remainder when 69 is divided by x(z).
15
Suppose 5*r - 35 = -2*v + v, 5*v - 13 = 2*r. What is the remainder when 21 is divided by r?
3
Let h be (-4)/(-18) + 129/27. Suppose -2*c + h*t + 48 = 0, -3*c + 2*c + t + 21 = 0. Suppose -15 = -2*v + c. Calculate the remainder when v is divided by 6.
5
Let c be (69/6)/((-4)/(-8)). Let j = c + -12. What is the remainder when 19 is divided by j?
8
Let m(i) = -i**3 + 10*i**2 - 5*i - 20. What is the remainder when m(9) is divided by 5?
1
Let q = 2 + -4. Calculate the remainder when 3 - q*17 - -1 is divided by 13.
12
Let n(c) = -c**2 + 8*c - 9. Suppose -2*w - 9*w + 33 = 0. What is the remainder when w is divided by n(6)?
0
What is the remainder when 20 is divided by (5 - 1 - -7 - 1) + 3?
7
Suppose -4 = -q - 0. Let f(g) = g**3 - 3*g**2 - 5. What is the remainder when f(q) is divided by (-2*1)/(4/(-8))?
3
Suppose n = 4*n - 5*y - 73, 5*y = 4*n - 94. Let k = -85 - -167. Calculate the remainder when k is divided by n.
19
Let i = -8 - -14. Suppose 0 = 3*a - 7 - 62. What is the remainder when a is divided by i?
5
Let u be 15*((-1)/3)/1. Let w(y) = y**3 + 8*y**2 + 7*y - 2. What is the remainder when w(u) is divided by 10?
8
Suppose -3*x + 9 = -h - 1, -4*h - 4 = 0. Suppose -2*s = -s - 4*c - 6, x*c = -2*s + 23. What is the remainder when 29 is divided by s?
9
Let d = -50 - -54. What is the remainder when 23 is divided by d?
3
Suppose 2*x = 4*j - 3*x - 339, x = -3*j + 259. Calculate the remainder when j is divided by 29.
28
Suppose -2*m = -5 + 45. Let o be (50/m)/((-1)/2). Suppose 0 = o*t + d - 221, -t + 4*d + 128 = 2*t. Calculate the remainder when t is divided by 15.
14
Let b(j) = -4 + 5*j - 6 - 3*j + 4*j. Calculate the remainder when b(8) is divided by 13.
12
Let q(z) = -z**2 - 4*z + 2. Let y be q(-3). Let x(l) = l**3 - 5*l**2 - 2*l + 5. Calculate the remainder when x(6) is divided by (160/y)/4 + 2.
9
Let m = -56 - -120. Suppose 4*i + 5*x - m = 3*x, -3*i - 2*x = -47. What is the remainder when 33 is divided by i?
16
Let l be (-2)/(-2) - (-13 + 2). Calculate the remainder when 51 is divided by 71/4 - (-3)/l.
15
Let j be (-6 + 7)/((-1)/(-1)). Let t = j - -3. Suppose 3*q = i - t*i + 39, 0 = 2*q - 2*i - 34. What is the remainder when q is divided by 8?
7
Suppose -3*y = -0*y - 6. Suppose 5*i - 225 = y*i. Let f = -31 + i. What is the remainder when f is divided by 15?
14
Let n be (40/(-12))/(2/(-6)). Let t = n + -4. Calculate the remainder when (-6)/4*(-16)/t is divided by 2.
0
Let x(p) = 12 - 2*p**3 + 13 + p**3. What is the remainder when 74 is divided by x(0)?
24
Let i(w) = 8*w**2 - 1. Calculate the remainder when 20 is divided by i(1).
6
Let m(l) be the second derivative of 2*l + 3/2*l**2 + 0 + 1/4*l**4 + 1/6*l**3. What is the remainder when m(-3) is divided by 7?
6
Let b be (-2)/8 + (-2)/(-8). Suppose b = j -